 units digit of u?
5
Suppose 168 = 4*a + 28. What is the units digit of a?
5
Let l(b) = 2*b**2 + 1. Let d be l(1). Suppose -3*u + d + 6 = 0. Suppose 0*p + 2*w = u*p + 7, 5*w = 25. What is the units digit of p?
1
Let o(d) = 3*d - 3. Let x be o(3). Suppose -b = -5*h - x - 15, 0 = 5*b - h - 57. What is the tens digit of b?
1
What is the tens digit of 22 - (0 + 2 + 1)?
1
Let h(m) = -m**2 + 9*m - 9. Let y(s) = s**3 + 5*s**2 + 5*s + 4. Let x be ((-4)/2)/(2/3). Let p be y(x). What is the units digit of h(p)?
5
Suppose 3*i - 6 = -3*p + 9, 5*i - 25 = 3*p. What is the units digit of p + 16 - -1*2?
8
Suppose 2*j = -0*j - 2*i + 12, -4*j - 5*i = -28. Suppose 0 = -j*k - 3*k + 25. What is the units digit of k?
5
Let k = 3 + -3. Suppose k = 5*x - 3*x. Suppose -4*u + 2*m - 5 = -u, -m + 4 = x. What is the units digit of u?
1
What is the units digit of ((-748)/6)/(((-12)/18)/1)?
7
Let h(w) = w**3 - 4*w**2 + 4*w - 5. What is the units digit of h(4)?
1
Let x = 11 - 7. Suppose h + 2 = 0, -x*o - 2*h - h = -54. What is the tens digit of o?
1
Let y = -3 + 6. Suppose -r - 12 - 39 = -3*v, 0 = 3*v + y*r - 51. What is the tens digit of v?
1
Let j(o) = 4*o**2 - 2. What is the units digit of j(-2)?
4
Suppose 4 = 3*y - 8. What is the units digit of 40/30*(y + -1)?
4
Let i = -6 - -10. Suppose 0 = -a + 2*a - 5*q - 12, -i*q = -2*a + 12. Suppose -b - 4 = -a*t, 0 = -3*b + 5*b. What is the units digit of t?
2
Suppose -t = 3*r - 0*r - 2, 5*t - 10 = 5*r. Suppose -3*q + r*q = -39. What is the units digit of q?
3
Suppose 0 = 7*u - 2*u + 2*f - 25, -3*u = -f - 15. Let j(m) = 4 - u - 1 - m. What is the units digit of j(-5)?
3
Suppose 3*j - 233 - 25 = 0. Suppose -4*i - i + y = -j, -5*i + 3*y + 88 = 0. What is the tens digit of i?
1
Let m(l) = -9 - 5*l + 2 + 7*l. What is the units digit of m(7)?
7
Suppose 1 = j, -2*j + 6*j - 14 = -2*h. Suppose -k = -h*x + 11, 5*k - 3 = -4*x - 0*k. Suppose x*t = -2*t + 16. What is the units digit of t?
4
Suppose 0 = -t - 4*n + 22, 9 = 2*t + n - 7. Suppose o - t = 4*c - 0*o, -2*o - 8 = 2*c. What is the units digit of 1/c + 62/4?
5
Let b = -17 - 4. Let q = b - -34. What is the tens digit of q?
1
Let n = 41 + -27. What is the units digit of n?
4
Let s = 239 - 96. What is the hundreds digit of s?
1
Let y be (-31 - -1)*(-2)/5. Suppose s = -s - 3*r - 11, -4*s - r - 17 = 0. Let t = s + y. What is the units digit of t?
8
Let s(r) = 39*r**2 + 1. Let g be s(-1). Suppose -m + g = m. What is the tens digit of m?
2
Let a = 1 + -9. Let h = a + 61. What is the units digit of (-4)/(-24) - h/(-6)?
9
Let a(p) be the first derivative of p**4/4 - 2*p**3 - p**2/2 - 8*p + 1. What is the tens digit of a(7)?
3
Suppose 5*x = -r - 20, 0 = -4*x - 5*r - 27 - 10. Let a be (-47 - 3/x)*-2. What is the tens digit of 2/3 + a/6?
1
Let t(k) = 0*k**2 - 1 + k**2 + 0. Let i be t(4). Let d = -9 + i. What is the units digit of d?
6
Suppose -4*g = 4*d - 0*d - 8, -g = 4*d - 20. Let y = d + -3. What is the units digit of y?
3
Let h(p) = -4 - 2 - 7*p + 5*p + 4. Suppose -4*f - 39 = 5*t - 15, t - 5*f - 1 = 0. What is the units digit of h(t)?
6
Let v = 134 - 54. What is the units digit of v?
0
Let d be -4 + (-3 - (-1 - 0)). Let u(z) = z + 8. Let v be u(d). Suppose 3*r + l = 30, -5*r - l = -v*l - 58. What is the tens digit of r?
1
Let k be (2 - 1)*-3 + 71. Suppose -4*l + k = 4*f - 3*l, 0 = -l + 4. What is the tens digit of f?
1
Let c(g) = -2*g - g**2 - 8*g + 4 - 14. Let k(j) = j**2 + 6*j - 8. Let y be k(-6). What is the units digit of c(y)?
6
Let l = 46 + -13. What is the tens digit of l?
3
Let i(q) = -q**2 - 7*q + 16. Let x be i(-8). Suppose -2*u + 7 = g, -x = -g + 4*u + 11. What is the tens digit of g?
1
Let g(j) be the third derivative of j**6/120 + j**5/15 + j**4/12 - j**3/6 - j**2. Let o(b) = b - 7. Let f be o(5). What is the units digit of g(f)?
3
Let l(a) = a**3 - 2*a**2 + a - 4. Let b be l(0). What is the tens digit of (-2)/8 + (-85)/b?
2
Suppose -8 = -2*m + m + j, 0 = 2*m + 5*j + 19. Suppose m*v - 5*v = -3*o + 7, 3*o = -3*v + 12. What is the units digit of o?
3
Let u(h) be the third derivative of -h**6/120 + h**5/12 - 5*h**4/24 + h**3 + h**2. Let f be u(4). What is the units digit of 7/f + 8/16?
4
Suppose -2*d + 7*d = -35. What is the units digit of d*(2 - 50/7)?
6
Let q(c) = -c**3 + 13*c**2 - 8*c + 3. What is the tens digit of q(12)?
5
Let i be -3 + 2 + -1 - -4. Let y(m) = 4*m**2 - 4*m**2 + m**i - 4*m. What is the units digit of y(5)?
5
What is the tens digit of (-4094)/(-14) + 28/49?
9
Suppose 42 + 13 = -5*b. Let k = b - -20. Suppose 23 = 3*q + 4*f, -4*q + 5*f = -k*q + 40. What is the units digit of q?
9
Let v be ((-16)/(-10))/((-2)/(-5)). What is the units digit of (6/v)/(5/30)?
9
Suppose -1 = 5*o - 6, -4*n - o + 73 = 0. What is the tens digit of n?
1
Let m = 8 - -10. Let c be (-9 - 0)*(0 - -1). Let j = m + c. What is the units digit of j?
9
Let p be -41 + (3 - (1 + -1)). Let s = p - -58. What is the units digit of s?
0
What is the units digit of ((-18)/(-4))/(4/8)?
9
Suppose 0 = 4*b - 3*b - 4. What is the units digit of (b/4*40)/1?
0
Suppose 3*l - 21 = -g, -12 = -4*g - 0. Let y = 21 + l. What is the tens digit of y?
2
Suppose 4 = -j - 2*a, -5*j - 4*a + 13 = -5*a. Suppose 0 = -5*x - 86 + 16. What is the units digit of (2 - 3)/(j/x)?
7
Suppose 5*a = 5*l - 66 + 311, -249 = -5*a + l. What is the units digit of a?
0
Suppose 4*f = -4 - 4. Let s be 47/f*6/(-3). Suppose 5*a + 3*r - 2 - 23 = 0, 3*r = 4*a - s. What is the units digit of a?
8
Let j = -31 - -39. Suppose -3*g - 9 = -3*m, -3 = -2*m - 5*g + 3. Let u = j - m. What is the units digit of u?
5
Suppose 1 + 5 = 2*l. Let o be 0/2*(-3)/3. Suppose o = -3*f + w + 3, 17 = 4*f - 0*w + l*w. What is the units digit of f?
2
Suppose n = -4*h + 4, -2*h - 3*h - 2*n + 8 = 0. Let x(z) = -z + 1. Let k(m) = -17. Let v(i) = -k(i) + x(i). What is the units digit of v(h)?
8
Let a be (-13)/(-3) + 3/(-9). Suppose w = -a*w. What is the units digit of w/(-2 - 0) - -3?
3
What is the tens digit of 518/7 + (-1 - 1)?
7
Let f = 13 + -17. What is the units digit of (324/(-90))/(f/10)?
9
Let l(r) = -r**2 + 11*r - 2. What is the tens digit of l(8)?
2
Let u be -2 + 3 - -1 - 0. Let h(t) = u*t + 2 + 0 - 5*t + 1. What is the units digit of h(-3)?
2
Suppose -4*s - 3*c + 358 + 854 = 0, s = 5*c + 280. What is the tens digit of s?
0
Let l(c) = -c**3 - 2*c**2 - c - 4 + 2*c**3 - 4*c + c. What is the tens digit of l(4)?
1
Suppose -4*g = 119 - 1559. What is the hundreds digit of g?
3
What is the units digit of 4/12 - (1 - (-256)/(-6))?
2
Let v(j) = -41*j + 5. What is the units digit of v(-4)?
9
Let d(i) be the third derivative of -i**4/4 - i**3/2 + 2*i**2. What is the units digit of d(-5)?
7
Let b(k) = -k**3 + k**2 + k. Let l be b(-2). Let j be (12/10)/((-1)/l). What is the units digit of (-14)/(-8) + (-3)/j?
2
Suppose 0 = -2*f - 2 + 4. What is the units digit of 2 + -4 + f + 13?
2
Suppose 1 + 3 = -4*z. Let s be 19 - z - (0 + 0). Suppose 2*i = -2*w + 20, 5*w - 2*i - s = 3*i. What is the units digit of w?
7
Let k(j) = -6*j**3 + 11*j**2 + 9*j + 3. Let l(t) = -5*t**3 + 10*t**2 + 8*t + 2. Let g(w) = 4*k(w) - 5*l(w). What is the tens digit of g(7)?
2
Let u = 3 + 1. Suppose -4 = -0*k - u*k. What is the units digit of (-6)/3 + k - -2?
1
Suppose -8 = -u - 4*m + 3*m, m = -3. Let r = -28 + 44. Suppose -3*n + r = -u. What is the units digit of n?
9
Suppose -2*d - 3*d + 58 = -3*q, 0 = d + 4*q - 30. Let o = d + 22. Suppose 3*n + 1 = 7, -2*t + o = 4*n. What is the units digit of t?
4
Let o = 170 - 89. What is the tens digit of o?
8
Let w(a) = a**2 + 8*a - 4. Let b be w(-9). Suppose 3*k - 82 + 16 = -4*c, c - 28 = b*k. Suppose -t - c = -3*t. What is the units digit of t?
9
Let x be (-4)/(-3)*(-6)/4. Let j be (-2 - x)*(-1)/2. Let h(g) = g**3 + g**2 + g + 10. What is the units digit of h(j)?
0
What is the hundreds digit of 8/(-56) - 2270/(-14)?
1
Let u = 225 + -150. Let x be 8/6*(-27)/(-6). Suppose -x*k = -k - u. What is the units digit of k?
5
Let r = -19 - -86. What is the tens digit of r?
6
Let u = -2 + 16. Suppose p + p = u. What is the units digit of p?
7
Suppose -3*c - 6 = -4*k, -4*c + k = c + 10. Let d(z) = -2 + 2 - 4*z - 2. What is the units digit of d(c)?
6
Let s = -4 - -9. Let f(l) = l - 5 + s. What is the units digit of f(5)?
5
Let w be 8/12*(-4 - -1). Let v = 0 - 8. What is the units digi